{"version":"1.0","provider_name":"Textsammlung","provider_url":"https:\/\/malerbuban.de\/texte","author_name":"Anne + Hans","author_url":"https:\/\/malerbuban.de\/texte\/author\/mibomovi\/","title":"Le Corbusier - Textsammlung","type":"rich","width":600,"height":338,"html":"<blockquote class=\"wp-embedded-content\" data-secret=\"60AK9OKGLI\"><a href=\"https:\/\/malerbuban.de\/texte\/2016\/04\/05\/le-corbusier\/\">Le Corbusier<\/a><\/blockquote><iframe sandbox=\"allow-scripts\" security=\"restricted\" src=\"https:\/\/malerbuban.de\/texte\/2016\/04\/05\/le-corbusier\/embed\/#?secret=60AK9OKGLI\" width=\"600\" height=\"338\" title=\"&#8222;Le Corbusier&#8220; &#8211; Textsammlung\" data-secret=\"60AK9OKGLI\" frameborder=\"0\" marginwidth=\"0\" marginheight=\"0\" scrolling=\"no\" class=\"wp-embedded-content\"><\/iframe><script>\n\/*! This file is auto-generated *\/\n!function(d,l){\"use strict\";l.querySelector&&d.addEventListener&&\"undefined\"!=typeof URL&&(d.wp=d.wp||{},d.wp.receiveEmbedMessage||(d.wp.receiveEmbedMessage=function(e){var t=e.data;if((t||t.secret||t.message||t.value)&&!\/[^a-zA-Z0-9]\/.test(t.secret)){for(var s,r,n,a=l.querySelectorAll('iframe[data-secret=\"'+t.secret+'\"]'),o=l.querySelectorAll('blockquote[data-secret=\"'+t.secret+'\"]'),c=new RegExp(\"^https?:$\",\"i\"),i=0;i<o.length;i++)o[i].style.display=\"none\";for(i=0;i<a.length;i++)s=a[i],e.source===s.contentWindow&&(s.removeAttribute(\"style\"),\"height\"===t.message?(1e3<(r=parseInt(t.value,10))?r=1e3:~~r<200&&(r=200),s.height=r):\"link\"===t.message&&(r=new URL(s.getAttribute(\"src\")),n=new URL(t.value),c.test(n.protocol))&&n.host===r.host&&l.activeElement===s&&(d.top.location.href=t.value))}},d.addEventListener(\"message\",d.wp.receiveEmbedMessage,!1),l.addEventListener(\"DOMContentLoaded\",function(){for(var e,t,s=l.querySelectorAll(\"iframe.wp-embedded-content\"),r=0;r<s.length;r++)(t=(e=s[r]).getAttribute(\"data-secret\"))||(t=Math.random().toString(36).substring(2,12),e.src+=\"#?secret=\"+t,e.setAttribute(\"data-secret\",t)),e.contentWindow.postMessage({message:\"ready\",secret:t},\"*\")},!1)))}(window,document);\n\/\/# sourceURL=https:\/\/malerbuban.de\/texte\/wp-includes\/js\/wp-embed.min.js\n<\/script>\n","description":"Aus www \u00bbTrends\u00ab Le Corbusier traf zwischen 1920 und 1960 eine Auswahl g\u00e4ngiger Farben f\u00fcr die Architektur, doch diese Farben und ihre Rezepturen gerieten in Vergessenheit. In Zusammenarbeit mit der \u00bbFondation Le Corbusier\u00ab wurden die Farben historisch getreu nachgebildet und stehen heute wieder f\u00fcr exklusive Wandfl\u00e4chen, Tapeten, Fassaden und Bauelemente zur Verf\u00fcgung. Farbe von kt.color &hellip; \u201e\u201c weiterlesen"}

Aus www »Trends« Le Corbusier traf zwischen 1920 und 1960 eine Auswahl gängiger Farben für die Architektur, doch diese Farben und ihre Rezepturen gerieten in Vergessenheit. In Zusammenarbeit mit der »Fondation Le Corbusier« wurden die Farben historisch getreu nachgebildet und stehen heute wieder für exklusive Wandflächen, Tapeten, Fassaden und Bauelemente zur Verfügung. Farbe von kt.color &hellip; „“ weiterlesen
