{"version":"1.0","provider_name":"Textsammlung","provider_url":"https:\/\/malerbuban.de\/texte","author_name":"Anne + Hans","author_url":"https:\/\/malerbuban.de\/texte\/author\/mibomovi\/","title":"Stoffe - Textsammlung","type":"rich","width":600,"height":338,"html":"<blockquote class=\"wp-embedded-content\" data-secret=\"du2BO2AWks\"><a href=\"https:\/\/malerbuban.de\/texte\/2016\/04\/05\/stoffe\/\">Stoffe<\/a><\/blockquote><iframe sandbox=\"allow-scripts\" security=\"restricted\" src=\"https:\/\/malerbuban.de\/texte\/2016\/04\/05\/stoffe\/embed\/#?secret=du2BO2AWks\" width=\"600\" height=\"338\" title=\"&#8222;Stoffe&#8220; &#8211; Textsammlung\" data-secret=\"du2BO2AWks\" frameborder=\"0\" marginwidth=\"0\" marginheight=\"0\" scrolling=\"no\" class=\"wp-embedded-content\"><\/iframe><script>\n\/*! This file is auto-generated *\/\n!function(d,l){\"use strict\";l.querySelector&&d.addEventListener&&\"undefined\"!=typeof URL&&(d.wp=d.wp||{},d.wp.receiveEmbedMessage||(d.wp.receiveEmbedMessage=function(e){var t=e.data;if((t||t.secret||t.message||t.value)&&!\/[^a-zA-Z0-9]\/.test(t.secret)){for(var s,r,n,a=l.querySelectorAll('iframe[data-secret=\"'+t.secret+'\"]'),o=l.querySelectorAll('blockquote[data-secret=\"'+t.secret+'\"]'),c=new RegExp(\"^https?:$\",\"i\"),i=0;i<o.length;i++)o[i].style.display=\"none\";for(i=0;i<a.length;i++)s=a[i],e.source===s.contentWindow&&(s.removeAttribute(\"style\"),\"height\"===t.message?(1e3<(r=parseInt(t.value,10))?r=1e3:~~r<200&&(r=200),s.height=r):\"link\"===t.message&&(r=new URL(s.getAttribute(\"src\")),n=new URL(t.value),c.test(n.protocol))&&n.host===r.host&&l.activeElement===s&&(d.top.location.href=t.value))}},d.addEventListener(\"message\",d.wp.receiveEmbedMessage,!1),l.addEventListener(\"DOMContentLoaded\",function(){for(var e,t,s=l.querySelectorAll(\"iframe.wp-embedded-content\"),r=0;r<s.length;r++)(t=(e=s[r]).getAttribute(\"data-secret\"))||(t=Math.random().toString(36).substring(2,12),e.src+=\"#?secret=\"+t,e.setAttribute(\"data-secret\",t)),e.contentWindow.postMessage({message:\"ready\",secret:t},\"*\")},!1)))}(window,document);\n\/\/# sourceURL=https:\/\/malerbuban.de\/texte\/wp-includes\/js\/wp-embed.min.js\n<\/script>\n","description":"Aus www \u00bbNeu\u00ab &#8230; Damit wird unser Angebot f\u00fcr Sie noch runder. Zu allen St\u00fccken aus der neuen M\u00f6belkollektion finden Sie garantiert passende Gardinen, Tapeten, Teppiche, Stoffe, Farben \u2026 Alles ist kombinierbar und in vielf\u00e4ltiger Auswahl in unseren Ausstellungsr\u00e4umen zu sehen, anzufassen und auszuprobieren &#8230; Aus www \u00bbRaumgestaltung\u00ab Gardinen und Stoffe Sie pr\u00e4gen den Stil &hellip; \u201e\u201c weiterlesen"}

Aus www »Neu« &#8230; Damit wird unser Angebot für Sie noch runder. Zu allen Stücken aus der neuen Möbelkollektion finden Sie garantiert passende Gardinen, Tapeten, Teppiche, Stoffe, Farben … Alles ist kombinierbar und in vielfältiger Auswahl in unseren Ausstellungsräumen zu sehen, anzufassen und auszuprobieren &#8230; Aus www »Raumgestaltung« Gardinen und Stoffe Sie prägen den Stil &hellip; „“ weiterlesen
